se n = -d + 24. Is ((-21005)/n)/(1 - 2/3) a composite number?
False
Let y = 11371 + -7957. Suppose -y = -5*p + f, 0 = 5*p + 42*f - 39*f - 3418. Is p prime?
True
Suppose 16*z = 17*z - 25. Suppose -6*c + z + 5 = 0. Suppose 2*y = c*y - 255. Is y a composite number?
True
Let s(k) = 3281*k - 7842. Is s(43) prime?
True
Let j(n) = -43*n - 126. Let x be j(-3). Suppose 8764 = b - 3*o, -x*b + 2*o - 5*o = -26352. Is b a composite number?
False
Let r = 75259 + 155644. Is r a prime number?
False
Suppose 0 = -22*l + 4*l + 1944. Let x = l - 769. Let i = 992 + x. Is i a composite number?
False
Let n be 242 + (52/(-12) + 4)*6. Let j = n - 157. Is j composite?
False
Suppose 0 = -13*p + 12 + 300. Is (-18)/p + (-383)/(-4) composite?
True
Let a = 952 - 604. Let x = 318 + a. Let u = x + -95. Is u a prime number?
True
Let a = -25636 + 39215. Is a a prime number?
False
Let x(k) = 412*k - 6. Let f be 2*-1*12/(-8). Let v be (f + (-4)/4)*1. Is x(v) composite?
True
Suppose 0 = 19*w - 23041454 + 5944133. Is (3/(-9) - 0)/((-19)/w) a prime number?
True
Let x = 27665 - 5816. Is x prime?
False
Suppose 1048533 + 417905 = -18*v + 572*v. Is v a prime number?
True
Let r be (14/(-15) + 30/50)*-6. Suppose 10 = -2*p, z - 27879 = -r*z + 3*p. Suppose -13*c + 2633 = -z. Is c prime?
False
Suppose 160*v - 21954 = 162*v. Is (3 + -1)/(0 + (-6)/v) a prime number?
True
Let x(z) = 24316*z**3 + 44*z - 43. Is x(1) prime?
True
Suppose 632919 = 11*w - 171082. Is w prime?
True
Suppose -3 = -4*k + 1. Let l(y) = -347*y - 6. Let b(p) = -p - 1. Let g(o) = k*l(o) + b(o). Is g(-4) a composite number?
True
Let g be (0 + (-1)/(-3))/((-203)/(-2278878)). Let j = g + -2655. Is j composite?
False
Let c be 419/(-4) + 2/(-8). Let m be ((-2260)/(-6))/(6 + 620/c). Suppose -13*s + 18*s = m. Is s composite?
True
Let g(v) = -1398*v**3 + 2*v + 3. Let j be g(-1). Let h be 14/63 - 349/(-9). Suppose -j = -h*i + 38*i. Is i prime?
True
Let b(i) = -30*i**3 - 2*i**2 + 3*i + 4. Let g(p) be the second derivative of p**4/4 + 8*p**3/3 + p**2 + 48*p. Let f be g(-5). Is b(f) a composite number?
False
Suppose -747*s = -775*s + 6685784. Is s composite?
True
Let r(a) = -1075*a + 3. Let b(s) = -s**2 + s. Suppose -6*h = 6 - 0. Let v be b(h). Is r(v) a prime number?
True
Suppose w - 2*o = -4*o + 5901, 2*w - 5*o - 11775 = 0. Let t be (8/(-6))/((-30)/w). Let s = t + 1492. Is s composite?
True
Let o be 3 + (-755)/30 + 2/12. Is (-291034)/o + (-3)/99*-6 prime?
True
Let f = -583 + 585. Suppose -2*x = f*r - 33764, 35*x = 34*x + 3*r + 16870. Is x prime?
True
Suppose -3*k + 8*k - 11 = -s, 2*s + 2*k = -2. Is 3812/((-2)/4*s) + -5 composite?
False
Is 8 + 605158 - (-78)/6 composite?
True
Suppose -5*x - 8050 = -4*x. Let s = 18695 + x. Is s prime?
False
Suppose n = 97 - 91. Suppose 2945 = n*i - i. Is i composite?
True
Let h = 21559 + 1339. Let w = -14086 + h. Is (w/(-2))/((-10)/(-5) - 4) composite?
False
Suppose -1195*d + 1198*d = 35031. Is d composite?
False
Let y(m) = 7*m + 191. Let s be y(-27). Suppose 5*t = 3*n - 2027, -6*n + s*n + 2680 = -t. Is n a composite number?
True
Let s(k) = 4*k**2 + 20*k + 60. Let d be s(-19). Let y = 957 + d. Is y a composite number?
False
Let y(o) = 2*o**2 + 51*o - 30. Let d be y(-26). Let g(r) = -2*r - 2. Let k be g(d). Suppose -5*s - k*n + 2*n = -1535, 0 = -4*n. Is s a composite number?
False
Is 3 - 75/40*188*(-656)/6 a composite number?
False
Let z(p) = p**2 - 4*p + 12. Suppose -m - 180 = -4*g, -m = 3*g + 2*m - 135. Suppose -2*a = 3*a - s + g, -3*a - 5*s = 27. Is z(a) a composite number?
True
Is (-3 - -1 - 43439)/(23 + -24) a prime number?
True
Suppose 18*n + 623778 = -23*n + 2823797. Is n composite?
True
Let s(l) = 1729*l**2 + 366*l - 19. Is s(-6) a prime number?
True
Let f(j) = -40353*j - 1297. Is f(-6) a prime number?
False
Suppose -18*l = -25*l + 7. Is l*14381 + (18 - 12) a prime number?
True
Suppose 200223 = -6*p + 1039845. Is p a composite number?
True
Let s = -44 - -53. Is (-535 - 0)*((s - 7) + -3) a composite number?
True
Is 1384/(-2422) + 3/(42/398014) a prime number?
True
Suppose -2*s + 4*z + z = -4505, 5*s - 3*z = 11215. Let o = s + 2591. Is o a composite number?
False
Let t(x) = 19484*x**2 + 15. Is t(-2) a composite number?
False
Suppose -11*k + 16*k - 850 = 0. Is ((-22)/(-4))/(855/k + -5) a prime number?
False
Let l(y) = 7 + 2*y**2 + 33515*y + 9*y**2 - 33519*y. Is l(6) prime?
True
Let q = 3548 + -1987. Let k = q + -180. Suppose -g + 2*s = -k + 472, 3*s + 2721 = 3*g. Is g a composite number?
True
Let y = -54738 - -94501. Is y composite?
True
Let f(o) = -11*o**2 + 18*o - 10. Let h(s) = 11*s**2 - 17*s + 11. Let x(c) = 6*f(c) + 7*h(c). Let z be 1 + -2 + (11 - -2). Is x(z) a prime number?
False
Let x be 42/(-147) + (-38)/14. Is (-2*(-118)/4)/(-2 - x) prime?
True
Let c(b) = -212*b. Let h be c(-1). Suppose 0 = 27*a - 23*a + h. Is a/2*34/3*-3 a composite number?
True
Let u(y) = y**3 + 5*y**2 + 6*y + 1. Let s be u(-3). Let h(r) = 6064*r - 33. Is h(s) a prime number?
False
Let n(t) = -625*t - 4. Let y(i) = 625*i + 3. Let r(a) = -4*n(a) - 5*y(a). Let u be r(2). Let w = 2508 + u. Is w composite?
False
Is 269006/((-8)/(-44)*11) a composite number?
False
Let f(z) = -z**3 - 3*z**2 + 7*z. Let g be f(-5). Let p(j) = j**3 - 7*j**2 + 21*j + 15. Let u be p(g). Let o = u + -1253. Is o composite?
False
Suppose 3*u - 6 + 1 = c, u = -2. Let g be (1/(-2))/(c/(-25586)). Let m = g - -2676. Is m a prime number?
False
Let u(z) = 3*z + 28. Let n be u(-5). Suppose n*f - 1395 = 4*f. Is f prime?
False
Let b = 3220 + -11104. Let q = b - -14213. Is q prime?
True
Let m(r) = -6*r + 1261. Is m(25) prime?
False
Let m(i) = -8*i**2 - 8*i - 19. Let k(s) = 17*s**2 + 16*s + 37. Let n(y) = -6*k(y) - 13*m(y). Let g(u) = -9*u - 136. Let j be g(-17). Is n(j) prime?
True
Let z(q) = 16276*q**2 + 3*q - 3. Let y be z(1). Suppose 5*n - 2*f - 20345 = 0, 4*n = f - 3*f + y. Is n a composite number?
True
Suppose 17997824 + 10634082 - 6805317 = 29*r. Is r a prime number?
False
Suppose 216*h = 25534459 + 25994285. Is h a prime number?
False
Let y be 2 + 0/5 + 3. Suppose -y*n + 821 = 2*g, -g + 3*n = -6*g + 2062. Is ((-2)/6)/((-1)/3)*g a composite number?
True
Let f be (1 + 0)/((-3)/(-21)). Suppose -3*q + 3*u + 3423 = 0, -2*q + 2286 = -u - 2*u. Suppose -4*b - q = -f*b. Is b a prime number?
True
Let l = 25202 - -15586. Suppose 21*a - l = 19*a - 5*f, 3*f = -2*a + 40784. Is a composite?
False
Suppose j = 3*r, 0 = -r - 3*r + 3*j. Let l be ((-2502)/15 + r)/(42/(-1120)). Let n = l - 2511. Is n a composite number?
True
Let i(k) be the second derivative of -7*k**5/20 - k**4/2 + 2*k**3/3 - 2*k**2 + 4*k + 6. Is i(-5) a prime number?
True
Suppose g + 6 = 2*b, 2*b - 2*g + 4 = 8. Suppose -4*x + b*z + 1910 = z, -5*x + 3*z = -2389. Is x prime?
True
Let q(n) = 2*n**3 + 4*n**2 + 3*n + 14. Let w be q(-6). Let k = 503 + w. Is k prime?
True
Let q = 8713 + 3484. Is q composite?
False
Let v be (-1 - (-7 + 3))/((-9)/(-18714)). Is (1/(-4)*v)/(3/(-6)) a prime number?
True
Is 164/(-369) + 39295407/27 prime?
False
Suppose 562047 = 292*m - 54413669. Is m a composite number?
False
Let s(u) be the third derivative of -43*u**7/5040 - 13*u**6/720 + 4*u**5/15 - 14*u**2. Let r(g) be the third derivative of s(g). Is r(-4) a composite number?
True
Suppose b = 118 + 103. Suppose d - n = b, -3*d - n + 655 = -6*n. Let k = d - 14. Is k a composite number?
False
Is (210 - -11067) + (1 - 15) a prime number?
False
Suppose 59*a - 56*a = 9. Suppose 3*o = g + a*g + 34793, 5*g = -4*o + 46401. Is o prime?
False
Suppose 18*o - 89*o = -35551617. Is o composite?
True
Is ((-70786)/(-8))/((46/23)/8) composite?
False
Let q be 6/5 - (-21086912)/440. Let u = q - 28659. Is u a prime number?
True
Suppose 0 = 3*o - 8 + 2. Suppose 2527 = 9*t - o*t. Suppose t = 4*i + 3*p, -i - 4*p + 3*p = -90. Is i a prime number?
False
Let n(f) = 4053*f**2 + 27*f - 85. Is n(4) a composite number?
False
Let y = 424473 - 300820. Is y a prime number?
True
Suppose 945122 + 2785353 = 2*w - c, 19 = -19*c. Is w a composite number?
True
Let y = -11159 + 6013. Let h = y + 9281. Is h a prime number?
False
Let f(q) = 5*q**2 + q + 2*q**3 - 4*q**2 + 2*q**3 - 3*q**3. Let d be f(0). Suppose 2*h - 950 = 4*a, d*a + 2*a - 980 = -2*h. Is h composite?
True
Let a = -48 - -9. Let w = 51 - a. Is (3/(-5) - 36891/w)*-2 a prime number?
True
Is (8/(-80)*-5)/((